ns digit of 733333072?
3
What is the units digit of 19114316?
6
What is the ten millions digit of 193042380?
9
What is the thousands digit of 35458693?
8
What is the ten thousands digit of 227896934?
9
What is the ten millions digit of 322689982?
2
What is the units digit of 8306629718?
8
What is the ten thousands digit of 92506959?
0
What is the hundred thousands digit of 194234269?
2
What is the ten millions digit of 106078210?
0
What is the ten millions digit of 4139616304?
3
What is the units digit of 24242578?
8
What is the thousands digit of 46221857?
1
What is the millions digit of 244632318?
4
What is the hundreds digit of 331522784?
7
What is the hundred thousands digit of 1973697?
9
What is the millions digit of 182582945?
2
What is the hundreds digit of 5687767725?
7
What is the thousands digit of 875957644?
7
What is the units digit of 1485044201?
1
What is the ten thousands digit of 5262573427?
7
What is the millions digit of 257058197?
7
What is the ten millions digit of 3100625159?
0
What is the hundred thousands digit of 869638390?
6
What is the ten thousands digit of 3207988501?
8
What is the hundreds digit of 1040212522?
5
What is the hundreds digit of 515479009?
0
What is the hundred thousands digit of 51282322?
2
What is the hundreds digit of 874932438?
4
What is the millions digit of 98932062?
8
What is the hundred thousands digit of 243777128?
7
What is the millions digit of 64500674?
4
What is the hundreds digit of 171427658?
6
What is the units digit of 85892744?
4
What is the hundred thousands digit of 75228294?
2
What is the hundred millions digit of 566866514?
5
What is the ten millions digit of 165886522?
6
What is the units digit of 20062160?
0
What is the ten thousands digit of 4263490961?
9
What is the millions digit of 557429590?
7
What is the millions digit of 39286693?
9
What is the hundred millions digit of 350225206?
3
What is the hundred thousands digit of 212943969?
9
What is the hundred thousands digit of 2597682493?
6
What is the ten thousands digit of 12042191?
4
What is the ten millions digit of 361879082?
6
What is the hundred thousands digit of 4618967391?
9
What is the units digit of 35522066?
6
What is the ten thousands digit of 6688259141?
5
What is the hundred millions digit of 365444889?
3
What is the hundreds digit of 19947875?
8
What is the units digit of 2481304330?
0
What is the tens digit of 60101170?
7
What is the ten thousands digit of 34021055?
2
What is the units digit of 26580507?
7
What is the hundred thousands digit of 239980790?
9
What is the units digit of 58342599?
9
What is the hundreds digit of 170035266?
2
What is the millions digit of 623298700?
3
What is the hundred millions digit of 164847692?
1
What is the units digit of 30122390?
0
What is the hundreds digit of 509789220?
2
What is the units digit of 26992413?
3
What is the ten millions digit of 288656086?
8
What is the units digit of 850459417?
7
What is the hundreds digit of 824157571?
5
What is the hundred thousands digit of 1029829749?
8
What is the hundred thousands digit of 214532217?
5
What is the hundred thousands digit of 526495848?
4
What is the ten thousands digit of 1622081879?
8
What is the ten millions digit of 2090013635?
9
What is the ten thousands digit of 67229227?
2
What is the units digit of 54019557?
7
What is the hundreds digit of 25779939?
9
What is the ten millions digit of 35817575?
3
What is the thousands digit of 390319109?
9
What is the hundred millions digit of 323512712?
3
What is the ten thousands digit of 680166701?
6
What is the millions digit of 14201725?
4
What is the ten millions digit of 18941568?
1
What is the millions digit of 256855562?
6
What is the units digit of 32269015?
5
What is the hundred thousands digit of 95827148?
8
What is the millions digit of 1073681547?
3
What is the tens digit of 2080334333?
3
What is the hundreds digit of 577737749?
7
What is the hundreds digit of 1324580652?
6
What is the thousands digit of 191983352?
3
What is the thousands digit of 58404003?
4
What is the hundred millions digit of 1657154177?
6
What is the ten thousands digit of 73694902?
9
What is the thousands digit of 266753887?
3
What is the units digit of 457363271?
1
What is the hundreds digit of 217665182?
1
What is the hundreds digit of 205201393?
3
What is the thousands digit of 995919414?
9
What is the units digit of 154528093?
3
What is the millions digit of 9001220218?
1
What is the tens digit of 2235814049?
4
What is the millions digit of 1660856533?
0
What is the units digit of 56358566?
6
What is the thousands digit of 1952838615?
8
What is the units digit of 893449506?
6
What is the thousands digit of 10656476?
6
What is the ten millions digit of 566598200?
6
What is the hundred millions digit of 314533265?
3
What is the hundreds digit of 1612162717?
7
What is the tens digit of 341969726?
2
What is the hundred millions digit of 1103062696?
1
What is the ten thousands digit of 32962827?
6
What is the units digit of 2255650125?
5
What is the ten thousands digit of 2172873377?
7
What is the tens digit of 103767569?
6
What is the tens digit of 6389232?
3
What is the thousands digit of 2017510310?
0
What is the tens digit of 362545097?
9
What is the thousands digit of 10189971?
9
What is the thousands digit of 22000923?
0
What is the ten millions digit of 92458522?
9
What is the hundred millions digit of 168017174?
1
What is the ten thousands digit of 163488391?
8
What is the ten thousands digit of 2221352811?
5
What is the hundreds digit of 6877445572?
5
What is the units digit of 2290767653?
3
What is the ten thousands digit of 105741250?
4
What is the hundreds digit of 55210547?
5
What is the thousands digit of 46927752?
7
What is the hundred thousands digit of 1172289836?
2
What is the tens digit of 313613437?
3
What is the ten millions digit of 1968061067?
6
What is the thousands digit of 48034701?
4
What is the tens digit of 1298970647?
4
What is the tens digit of 748967396?
9
What is the hundreds digit of 63474498?
4
What is the thousands digit of 663146044?
6
What is the thousands digit of 449379158?
9
What is the ten thousands digit of 2130911903?
1
What is the tens digit of 743982987?
8
What is the thousands digit of 1063151421?
1
What is the ten thousands digit of 1267354254?
5
What is the hundreds digit of 3037219792?
7
What is the ten millions digit of 2377643928?
7
What is the thousands digit of 9376124?
6
What is the tens digit of 438334278?
7
What is the thousands digit of 56862342?
2
What is the ten thousands digit of 25551497?
5
What is the hundred millions digit of 1274689720?
2
What is the ten millions digit of 60556470?
6
What is the billions digit of 2475536832?
2
What is the tens digit of 5998378428?
2
What is the hundred millions digit of 2067673358?
0
What is the ten thousands digit of 1563590228?
9
What is the ten thousands digit of 2467578862?
7
What is the hundreds digit of 487452980?
9
What is the hundred thousands digit of 587705077?
7
What is the hundred millions digit of 185236431?
1
What is the units digit of 576067154?
4
What is the ten thousands digit of 386746912?
4
What is the ten thousands digit of 929084719?
8
What is the ten millions digit of 2114953401?
1
What is the units digit of 86206337?
7
What is the units digit of 4871153899?
9
What is the ten thousands digit of 620216835?
1
What is the tens digit of 7122586052?
5
What is the thousands digit of 20949?
0
What is the hundred millions digit of 112495557?
1
What is the millions digit of 4451665263?
1
What is the ten thousands digit of 1738963437?
6
What is the hundred thousands digit of 293954580?
9
What is the ten thousands digit of 3013546?
1
What is the ten millions digit of 22252634?
2
What is the ten thousands digit of 204500593?
0
What is the ten millions digit of 45153981?
4
What is the tens digit of 95994025?
2
What is the thousands digit of 6972186723?
6
What is the ten thousands digit of 441963?
4
What is the tens digit of 113235653?
5
What is the millions digit of 359670816?
9
What is the tens digit of 3233239281?
8
What is the hundred millions digit of 1118166692?
1
What is the tens digit of 212672154?
5
What is the hundreds digit of 4812316?
3
What is the thousands digit of 34